2*m + 71 = 3*d - 96. Calculate the remainder when d is divided by 11.
9
What is the remainder when (1 - 4)*52/(-6) is divided by (42/4)/(3/4)?
12
Let l(q) = q**2 - 2*q - 4. What is the remainder when l(6) is divided by 6?
2
Suppose -2*p + p + 26 = 0. Suppose -w - 3 + p = 0. What is the remainder when w is divided by 24/(-9)*9/(-2)?
11
Let o = -2 + 2. Let m(n) = -n**3 - 7*n**2 - 8*n - 4. Let j be m(-5). Let l = o - j. What is the remainder when 26 is divided by l?
12
Suppose -4 = -r - 1. Suppose -r*p + 1 + 10 = -5*x, -p + 2*x + 3 = 0. What is the remainder when p is divided by 4?
3
Suppose 0 = 4*u + 5*t - 167, -t + 246 = 4*u + 91. What is the remainder when u is divided by (-2)/(2 + (-28)/13)?
12
Suppose 3*f + 40 = 4*c - 12, -16 = 4*f. Calculate the remainder when 37 is divided by c.
7
Suppose -22 = -3*b - 3*i - 1, -b = 5*i - 27. Suppose -a = 3*a - 12. What is the remainder when a is divided by b?
1
Suppose -48 = 2*k - 5*k. Calculate the remainder when (3 - 2) + -1 + 30 is divided by k.
14
Let f be 0/2 + (-1 - 237). What is the remainder when 59 is divided by (-2)/(-12) - f/12?
19
Let w = -111 - -152. What is the remainder when w is divided by 9?
5
Let n(r) = -r**2 + 9*r + 11. Let c = -17 - -26. Calculate the remainder when n(c) is divided by (-34)/(-6) + 1/3.
5
Suppose 0 = -22*x + 20*x + 10. What is the remainder when x is divided by 4?
1
Calculate the remainder when 1*(0 + 52)/4 is divided by 9.
4
Let z(p) = -p**3 - 6*p**2 - 5*p - 3. Calculate the remainder when z(-6) is divided by 14.
13
Let b = 5 - -10. Suppose -5*s - b = 0, 12 - 39 = -q + 5*s. Suppose q = o + 4*g, g = -4*g + 10. What is the remainder when 7 is divided by o?
3
Let o(v) = -2*v - 10. Calculate the remainder when 10 is divided by o(-7).
2
Suppose 4*r - 82 = w - 8, 0 = -w + 2. Suppose 0 = 4*s - 13 - 23. Suppose -s - 5 = -2*o. Calculate the remainder when r is divided by o.
5
Let d(c) = -2 - 2 - 2*c + 7. Suppose 3*l - 8*l = 3*m - 140, l - 3*m = 10. What is the remainder when l is divided by d(-3)?
7
Suppose -5*i = 2*v - 8, 5*v + 2*i - 3*i - 20 = 0. Let f = 6 - v. Calculate the remainder when (-4)/(16/(-6))*2 is divided by f.
1
Suppose 0 = 5*n - n - 52. What is the remainder when 47 is divided by n?
8
Suppose -67 - 8 = -5*b. Suppose -5*p + 291 = 2*v, 5*p - 2*v = 2*v + 273. Calculate the remainder when p is divided by b.
12
Suppose -30*r = -24*r - 120. Calculate the remainder when -1 + 81 - 2/1 is divided by r.
18
Calculate the remainder when 178 is divided by (4 + 5 + 0)*10/2.
43
Suppose -m - 74 = -263. What is the remainder when m is divided by 48?
45
What is the remainder when 0 - -79 - 4/(12/(-9)) is divided by 14?
12
Suppose -11*t + 141 = -8*t. What is the remainder when t is divided by 12?
11
Let m = 37 - 29. Calculate the remainder when 47 is divided by m.
7
Suppose -3*i + 11 = q - 14, -3*i - 2*q + 20 = 0. Let l = 15 - i. Calculate the remainder when l is divided by 2 - (-2)/(4 - 2).
2
Let u(b) = 2*b**2 - 5*b - 2. Let k be u(-3). What is the remainder when k - (-3 - (-4)/2) is divided by (-6)/27 + 2/(54/303)?
10
Let k(f) be the second derivative of f**4/12 + f**3/6 + 14*f**2 - f. What is the remainder when k(0) is divided by 15?
13
Let b be (-3464)/(-40) + 6/(-10). Suppose 2*t - 5*v - b = -2*v, -2*t - v = -70. Calculate the remainder when t is divided by 10.
7
Let s be 3*(-1 + 4)*-3. Suppose l = -0*l - 41. Let f = s - l. What is the remainder when f is divided by 5?
4
Let z(b) = 5*b + 5. Calculate the remainder when 28 is divided by z(1).
8
Calculate the remainder when 12/4*1 - -25 is divided by 4.
0
Suppose 4*u + 5*w - 30 = 0, -2*u + 6*w - 2*w = -2. Suppose -5*b = -2*k - 35, u*b - 2 = -2*k + 33. Calculate the remainder when 26 is divided by b.
5
Let x(q) = q**2 - q + 5. Calculate the remainder when 40 is divided by x(3).
7
Let k(s) = -s**2 - 13*s + 18. Calculate the remainder when k(-13) is divided by 4.
2
Let k(l) = l**3 - 2*l**2 - l + 2. Let n(b) = -b + 9. Let h be n(6). What is the remainder when 29 is divided by k(h)?
5
What is the remainder when 66/4*(3 + 7/(-3)) is divided by 8?
3
Let v be -5 - 0*(-1)/1. Let z = 8 + v. What is the remainder when 7 is divided by z?
1
Let s(v) = v**3 + 29*v**2 - 61*v + 48. Calculate the remainder when 43 is divided by s(-31).
9
Let a = 0 + 42. Calculate the remainder when a is divided by 22.
20
Suppose -3*l + 4*p + 143 = 0, -4*l + 204 = -2*p + 30. Calculate the remainder when 161 is divided by l.
38
Let w = -4 + 43. Let y = 7 - 3. Suppose 0 = -4*o - y, -2*g + o + w = -0*g. What is the remainder when g is divided by 7?
5
Suppose -2*s = -0*s - 8. Suppose -30 = -5*q - 5*f, -q - 2*f + 15 = s*q. Suppose 4*w = 37 - q. Calculate the remainder when w is divided by 5.
4
Let k(u) = -u**3 - 9*u**2 - 9*u - 5. Let m be k(-8). Let g(n) = 2*n**2 + 2 - 3*n**3 - 4*n**3 + 4*n**m + 4*n. What is the remainder when g(-2) is divided by 9?
8
Let u = 2 + 16. Calculate the remainder when u is divided by 7.
4
Let d = -36 + 18. What is the remainder when 66 is divided by (-35)/(-2) - (-9)/d?
15
Let u be (-54)/4*12/9. Let k = 35 + u. Suppose 0 = -2*g - 3*g + 30. Calculate the remainder when k is divided by g.
5
Suppose 3*o - o = 12. Let s(h) = -h**2 + 3*h + 4. Calculate the remainder when o is divided by s(3).
2
Suppose 3*y = -3*r + 27, 0 = -2*r + y - 0*y + 21. Calculate the remainder when r is divided by 6.
4
Let h = -65 + 95. Let v = -6 + 11. What is the remainder when h is divided by (-40)/(-6)*12/v?
14
Let w = 196 - 76. What is the remainder when 70 is divided by (4/(-10))/((-2)/w)?
22
Suppose 0 = -14*t + 19*t - 25. What is the remainder when 21 is divided by t?
1
Let y(l) = 26*l**2 + l. Suppose 4*u = -8 + 12. Calculate the remainder when 52 is divided by y(u).
25
Let w be 3/(-1)*(-6)/9. Let f(s) = 2*s**3 - 2*s - 1. Let h be f(w). Suppose 9 + h = 5*k. Calculate the remainder when k is divided by 3.
1
Let t be (12/(-10))/((-4)/30). Let f = -6 + t. What is the remainder when 4 is divided by f?
1
Let j = 211 + -142. Calculate the remainder when j is divided by 14.
13
Suppose 0 = -4*h + 104 - 28. Suppose 5 - h = -2*j. Calculate the remainder when j is divided by 3.
1
Let i be (-2)/4*(-4 - 0). Let t be 69/21 + 2/(-7). Suppose -i*o = 6, 4*x + t*o - 51 = x. What is the remainder when x is divided by 7?
6
Suppose -3*t = 2*f - 35, t - 47 = -3*f + 2*t. Calculate the remainder when f is divided by 6.
4
Suppose 0 = 65*j - 60*j - 185. Calculate the remainder when 108 is divided by j.
34
Suppose -5*n - 326 = -4*b, -150 = 2*b - 4*b - 4*n. Calculate the remainder when b is divided by 16.
15
Let w(d) = -3*d**2 - 3*d + 7. What is the remainder when 19 is divided by w(0)?
5
Calculate the remainder when 4/2 - (2/(-2) - 209) is divided by 36.
32
Suppose 0 = -h + a, 2*h - 4*h = 3*a + 25. What is the remainder when (-15)/h - (0 - 42) is divided by 23?
22
Let p(u) = -u. Let a be p(-6). Let i = a - 2. Calculate the remainder when 7 is divided by i.
3
Suppose 6*t - 2 = 5*t. Suppose -t*c + 16 = -0*c. What is the remainder when 22 is divided by c?
6
Let b(a) = -38*a. Suppose -3*l + l + 6 = 0. Let o be 6/l*2/(-4). What is the remainder when b(o) is divided by 13?
12
Let m(a) = 10*a - 1. Let o be (-20)/6*12/(-10). Suppose -2*c = -6, -o*w + w = c - 45. What is the remainder when m(4) is divided by w?
11
Let n(x) = 2*x - 5. Let i be n(5). Suppose 3*k - k = -t + 37, -i*t + 171 = 3*k. Calculate the remainder when t is divided by 12.
9
Calculate the remainder when (-6)/4*(-64 + 18) is divided by 14.
13
Let p = 41 - 23. What is the remainder when p is divided by 5?
3
Suppose 9*l - 406 = -127. Calculate the remainder when l is divided by 4.
3
Let k = -10 - -15. Suppose 4*j - 8 = -3*q - 2, k*q + 19 = 3*j. Calculate the remainder when j is divided by 2.
1
What is the remainder when (-14)/6*(-13 - 5) is divided by 21?
0
Let h be 4/6 + 68/(-3). Let i be 2/(-5) - h/5. What is the remainder when 32 is divided by 310/18 + i/(-18)?
15
Let g = -78 + 168. What is the remainder when g is divided by 13?
12
Suppose -25 = -5*t + 30. Let m(o) = -o**3 + 10*o**2 + 10*o + 13. What is the remainder when 2 is divided by m(t)?
0
Suppose -2*p = 7*p - 288. Calculate the remainder when 86 is divided by p.
22
Suppose 2*i - 41 = 21. What is the remainder when i is divided by 16?
15
Let z(h) = 2*h + 2. Let s be z(1).